{"id":11,"date":"2022-09-18T09:05:00","date_gmt":"2022-09-18T09:05:00","guid":{"rendered":"http:\/\/casatomada.es\/talleres\/?page_id=11"},"modified":"2024-09-18T11:19:44","modified_gmt":"2024-09-18T11:19:44","slug":"talleres-infantiles-y-juveniles","status":"publish","type":"page","link":"http:\/\/casatomada.es\/talleres\/talleres-infantiles-y-juveniles\/","title":{"rendered":"Infantiles y juveniles"},"content":{"rendered":"\n<p>Debido a las buenas experiencias de a\u00f1os anteriores, los talleres de escritura y creaci\u00f3n para j\u00f3venes se han ganado a pulso un espacio permanente en la programaci\u00f3n de Casa Tomada.<\/p>\n\n\n\n<p>Son actividades dirigidas a&nbsp;chicos y chicas creativos que tienen un inter\u00e9s especial por contar e inventar historias.&nbsp;Los talleres tendr\u00e1n un car\u00e1cter pr\u00e1ctico y l\u00fadico, para que aprendan y disfruten en un entorno relajado y divertido con otros chicos de su edad con los mismos intereses, al margen de las exigencias escolares. <\/p>\n\n\n\n<p>Recientemente, hemos empezado a ofrecer tambi\u00e9n talleres de ilustraci\u00f3n y creaci\u00f3n de c\u00f3mic y manga, donde pueden desarrollar sus ideas para tebeos e historietas como las que leen y disfrutan.<\/p>\n\n\n\n<div style=\"height:21px\" aria-hidden=\"true\" class=\"wp-block-spacer\"><\/div>\n\n\n\n\t\t\t<div class=\"wp-block-uagb-post-grid uagb-post-grid  uagb-post__image-position-top uagb-post__image-enabled uagb-block-0ef143a0     uagb-post__items uagb-post__columns-3 is-grid uagb-post__columns-tablet-2 uagb-post__columns-mobile-1 uagb-post__equal-height\" data-total=\"1\" style=\"\">\n\n\t\t\t\t\t\t\t\t\t\t\t\t<article class=\"uagb-post__inner-wrap\">\t\t\t\t\t\t\t\t<div class='uagb-post__image'>\n\t\t\t\t\t\t\t\t\t<a href=\"http:\/\/casatomada.es\/talleres\/escritura-creativa-infantil\/\" target=\"_self\" rel=\"bookmark noopener noreferrer\" class='uagb-image-ratio-inherit'><img loading=\"lazy\" decoding=\"async\" width=\"300\" height=\"300\" src=\"http:\/\/casatomada.es\/talleres\/wp-content\/uploads\/2023\/09\/INFANTIL-300x300.png\" class=\"attachment-medium size-medium\" alt=\"\" srcset=\"http:\/\/casatomada.es\/talleres\/wp-content\/uploads\/2023\/09\/INFANTIL-300x300.png 300w, http:\/\/casatomada.es\/talleres\/wp-content\/uploads\/2023\/09\/INFANTIL-150x150.png 150w, http:\/\/casatomada.es\/talleres\/wp-content\/uploads\/2023\/09\/INFANTIL.png 500w\" sizes=\"auto, (max-width: 300px) 100vw, 300px\" \/>\t\t\t\t\t<\/a>\n\t\t\t\t\t\t\t<\/div>\n\t\t\t\t\t\t<div class='uagb-post__text uagb-post-grid-byline'>\n\t\t\t\t\t\t\t<\/div>\n\t\t\t\n\t\t\t\t\t\t\t\t\t<\/article>\n\t\t\t\t\t\t\t\t\t\t\t\t\t\t\t\t<article class=\"uagb-post__inner-wrap\">\t\t\t\t\t\t\t\t<div class='uagb-post__image'>\n\t\t\t\t\t\t\t\t\t<a href=\"http:\/\/casatomada.es\/talleres\/escritura-creativa-para-jovenes\/\" target=\"_self\" rel=\"bookmark noopener noreferrer\" class='uagb-image-ratio-inherit'><img loading=\"lazy\" decoding=\"async\" width=\"300\" height=\"300\" src=\"http:\/\/casatomada.es\/talleres\/wp-content\/uploads\/2023\/09\/JUVENIL-300x300.png\" class=\"attachment-medium size-medium\" alt=\"\" srcset=\"http:\/\/casatomada.es\/talleres\/wp-content\/uploads\/2023\/09\/JUVENIL-300x300.png 300w, http:\/\/casatomada.es\/talleres\/wp-content\/uploads\/2023\/09\/JUVENIL-150x150.png 150w, http:\/\/casatomada.es\/talleres\/wp-content\/uploads\/2023\/09\/JUVENIL.png 500w\" sizes=\"auto, (max-width: 300px) 100vw, 300px\" \/>\t\t\t\t\t<\/a>\n\t\t\t\t\t\t\t<\/div>\n\t\t\t\t\t\t<div class='uagb-post__text uagb-post-grid-byline'>\n\t\t\t\t\t\t\t<\/div>\n\t\t\t\n\t\t\t\t\t\t\t\t\t<\/article>\n\t\t\t\t\t\t\t\t\t\t\t<\/div>\n\t\t\t","protected":false},"excerpt":{"rendered":"<p>Debido a las buenas experiencias de a\u00f1os anteriores, los talleres de escritura y creaci\u00f3n para j\u00f3venes se han ganado a pulso un espacio permanente en la programaci\u00f3n de Casa Tomada. Son actividades dirigidas a&nbsp;chicos y chicas creativos que tienen un inter\u00e9s especial por contar e inventar historias.&nbsp;Los talleres tendr\u00e1n un car\u00e1cter pr\u00e1ctico y l\u00fadico, para [&hellip;]<\/p>\n","protected":false},"author":1,"featured_media":0,"parent":0,"menu_order":3,"comment_status":"closed","ping_status":"closed","template":"","meta":{"_uag_custom_page_level_css":"","footnotes":""},"class_list":["post-11","page","type-page","status-publish","hentry"],"uagb_featured_image_src":{"full":false,"thumbnail":false,"medium":false,"medium_large":false,"large":false,"1536x1536":false,"2048x2048":false},"uagb_author_info":{"display_name":"admin","author_link":"http:\/\/casatomada.es\/talleres\/author\/admin\/"},"uagb_comment_info":0,"uagb_excerpt":"Debido a las buenas experiencias de a\u00f1os anteriores, los talleres de escritura y creaci\u00f3n para j\u00f3venes se han ganado a pulso un espacio permanente en la programaci\u00f3n de Casa Tomada. Son actividades dirigidas a&nbsp;chicos y chicas creativos que tienen un inter\u00e9s especial por contar e inventar historias.&nbsp;Los talleres tendr\u00e1n un car\u00e1cter pr\u00e1ctico y l\u00fadico, para&hellip;","_links":{"self":[{"href":"http:\/\/casatomada.es\/talleres\/wp-json\/wp\/v2\/pages\/11","targetHints":{"allow":["GET"]}}],"collection":[{"href":"http:\/\/casatomada.es\/talleres\/wp-json\/wp\/v2\/pages"}],"about":[{"href":"http:\/\/casatomada.es\/talleres\/wp-json\/wp\/v2\/types\/page"}],"author":[{"embeddable":true,"href":"http:\/\/casatomada.es\/talleres\/wp-json\/wp\/v2\/users\/1"}],"replies":[{"embeddable":true,"href":"http:\/\/casatomada.es\/talleres\/wp-json\/wp\/v2\/comments?post=11"}],"version-history":[{"count":9,"href":"http:\/\/casatomada.es\/talleres\/wp-json\/wp\/v2\/pages\/11\/revisions"}],"predecessor-version":[{"id":880,"href":"http:\/\/casatomada.es\/talleres\/wp-json\/wp\/v2\/pages\/11\/revisions\/880"}],"wp:attachment":[{"href":"http:\/\/casatomada.es\/talleres\/wp-json\/wp\/v2\/media?parent=11"}],"curies":[{"name":"wp","href":"https:\/\/api.w.org\/{rel}","templated":true}]}}