{"id":13,"date":"2023-09-18T09:05:32","date_gmt":"2023-09-18T09:05:32","guid":{"rendered":"http:\/\/casatomada.es\/talleres\/?page_id=13"},"modified":"2024-04-12T10:56:03","modified_gmt":"2024-04-12T10:56:03","slug":"audiovisuales","status":"publish","type":"page","link":"http:\/\/casatomada.es\/talleres\/audiovisuales\/","title":{"rendered":"Audiovisuales"},"content":{"rendered":"\n<p>Peri\u00f3dicamente, en Casa Tomada ofrecemos <strong>talleres de contenido audiovisual<\/strong>, diseminados a lo largo del a\u00f1o en forma de cursos mensuales o trimestrales, siempre manteniendo <strong>el v\u00ednculo entre narratividad, creaci\u00f3n literaria y las diferentes formas de expresi\u00f3n audiovisuales<\/strong>.<\/p>\n\n\n\n<p>Algunos de los talleres que hemos realizado, y que podemos acoger en funci\u00f3n de la demanda, son los siguientes:<\/p>\n\n\n\n<ul class=\"wp-block-list\">\n<li>Escritura de guion de cine<\/li>\n\n\n\n<li>Escritura de guion de videojuegos<\/li>\n\n\n\n<li>Creaci\u00f3n de un proyecto fotogr\u00e1fico<\/li>\n\n\n\n<li>Otros talleres puntuales en formato monogr\u00e1fico: edici\u00f3n de v\u00eddeo o sonido, montaje cinematogr\u00e1fico&#8230;<\/li>\n<\/ul>\n\n\n\n<p>Aqu\u00ed aparecer\u00e1n los cursos a medida que los vayamos convocando, pero si tienes inter\u00e9s en recibir formaci\u00f3n espec\u00edfica en alguno de estos \u00e1mbitos, puedes contactar con nosotros en info@casatomada.es.<\/p>\n","protected":false},"excerpt":{"rendered":"<p>Peri\u00f3dicamente, en Casa Tomada ofrecemos talleres de contenido audiovisual, diseminados a lo largo del a\u00f1o en forma de cursos mensuales o trimestrales, siempre manteniendo el v\u00ednculo entre narratividad, creaci\u00f3n literaria y las diferentes formas de expresi\u00f3n audiovisuales. Algunos de los talleres que hemos realizado, y que podemos acoger en funci\u00f3n de la demanda, son los [&hellip;]<\/p>\n","protected":false},"author":1,"featured_media":0,"parent":0,"menu_order":2,"comment_status":"closed","ping_status":"closed","template":"","meta":{"_uag_custom_page_level_css":"","footnotes":""},"class_list":["post-13","page","type-page","status-publish","hentry"],"uagb_featured_image_src":{"full":false,"thumbnail":false,"medium":false,"medium_large":false,"large":false,"1536x1536":false,"2048x2048":false},"uagb_author_info":{"display_name":"admin","author_link":"http:\/\/casatomada.es\/talleres\/author\/admin\/"},"uagb_comment_info":0,"uagb_excerpt":"Peri\u00f3dicamente, en Casa Tomada ofrecemos talleres de contenido audiovisual, diseminados a lo largo del a\u00f1o en forma de cursos mensuales o trimestrales, siempre manteniendo el v\u00ednculo entre narratividad, creaci\u00f3n literaria y las diferentes formas de expresi\u00f3n audiovisuales. Algunos de los talleres que hemos realizado, y que podemos acoger en funci\u00f3n de la demanda, son los&hellip;","_links":{"self":[{"href":"http:\/\/casatomada.es\/talleres\/wp-json\/wp\/v2\/pages\/13","targetHints":{"allow":["GET"]}}],"collection":[{"href":"http:\/\/casatomada.es\/talleres\/wp-json\/wp\/v2\/pages"}],"about":[{"href":"http:\/\/casatomada.es\/talleres\/wp-json\/wp\/v2\/types\/page"}],"author":[{"embeddable":true,"href":"http:\/\/casatomada.es\/talleres\/wp-json\/wp\/v2\/users\/1"}],"replies":[{"embeddable":true,"href":"http:\/\/casatomada.es\/talleres\/wp-json\/wp\/v2\/comments?post=13"}],"version-history":[{"count":6,"href":"http:\/\/casatomada.es\/talleres\/wp-json\/wp\/v2\/pages\/13\/revisions"}],"predecessor-version":[{"id":507,"href":"http:\/\/casatomada.es\/talleres\/wp-json\/wp\/v2\/pages\/13\/revisions\/507"}],"wp:attachment":[{"href":"http:\/\/casatomada.es\/talleres\/wp-json\/wp\/v2\/media?parent=13"}],"curies":[{"name":"wp","href":"https:\/\/api.w.org\/{rel}","templated":true}]}}