{"id":19,"date":"2023-09-18T09:06:18","date_gmt":"2023-09-18T09:06:18","guid":{"rendered":"http:\/\/casatomada.es\/talleres\/?page_id=19"},"modified":"2024-04-11T11:52:32","modified_gmt":"2024-04-11T11:52:32","slug":"tutorias-individuales","status":"publish","type":"page","link":"http:\/\/casatomada.es\/talleres\/tutorias-individuales\/","title":{"rendered":"Tutor\u00edas individuales"},"content":{"rendered":"\n<div class=\"wp-block-uagb-tabs uagb-block-55b97765 uagb-tabs__wrap uagb-tabs__hstyle1-desktop uagb-tabs__vstyle6-tablet uagb-tabs__stack1-mobile\" data-tab-active=\"0\"><ul class=\"uagb-tabs__panel uagb-tabs__align-left\" role=\"tablist\"><li class=\"uagb-tab uagb-tabs__active\" role=\"none\"><a href=\"#uagb-tabs__tab0\" class=\"uagb-tabs-list uagb-tabs__icon-position-left\" data-tab=\"0\" role=\"tab\"><div><strong>Presentaci\u00f3n<\/strong><\/div><\/a><\/li><li class=\"uagb-tab \" role=\"none\"><a href=\"#uagb-tabs__tab1\" class=\"uagb-tabs-list uagb-tabs__icon-position-left\" data-tab=\"1\" role=\"tab\"><div><strong>Proyectos<\/strong><\/div><\/a><\/li><li class=\"uagb-tab \" role=\"none\"><a href=\"#uagb-tabs__tab2\" class=\"uagb-tabs-list uagb-tabs__icon-position-left\" data-tab=\"2\" role=\"tab\"><div><strong>Otros servicios<\/strong><\/div><\/a><\/li><li class=\"uagb-tab \" role=\"none\"><a href=\"#uagb-tabs__tab3\" class=\"uagb-tabs-list uagb-tabs__icon-position-left\" data-tab=\"3\" role=\"tab\"><div><strong>Matr\u00edcula<\/strong><\/div><\/a><\/li><\/ul><div class=\"uagb-tabs__body-wrap\">\n<div class=\"wp-block-uagb-tabs-child uagb-tabs__body-container uagb-inner-tab-0\" aria-labelledby=\"uagb-tabs__tab0\">\n<p>La tutor\u00eda individual es un servicio dirigido a aquellas personas que desean iniciar o est\u00e9n desarrollando una obra literaria, como alternativa a las clases de escritura para quienes se encuentren en cualquiera de las siguientes situaciones:<\/p>\n\n\n\n<ul class=\"wp-block-list\">\n<li>No puedan asistir a los cursos presenciales.<\/li>\n\n\n\n<li>Prefieran seguir su propio ritmo de trabajo, independiente de las clases.<\/li>\n\n\n\n<li>Est\u00e9n m\u00e1s interesados en el seguimiento de su proyecto y en correcciones pr\u00e1cticas que en contenidos te\u00f3ricos.<\/li>\n\n\n\n<li>Se encuentren en un estado avanzado de su proyecto, y quieran realizar una revisi\u00f3n o reescritura del mismo.<\/li>\n\n\n\n<li>Quieran cursar alguno de los talleres para los que no haya un m\u00ednimo de personas inscritas.<\/li>\n<\/ul>\n\n\n\n<p>A trav\u00e9s de la tutor\u00eda, el profesor o profesora asignado realizar\u00e1 un seguimiento semanal de la producci\u00f3n escrita del alumno, a partir de un plan de trabajo acordado por ambos que depender\u00e1 del estado de desarrollo que se encuentre el proyecto al comienzo de la misma.<\/p>\n\n\n\n<p>El medio de contacto con los tutores para el env\u00edo de textos y correcciones ser\u00e1 el correo electr\u00f3nico. Una vez al mes, si se considera oportuno, podr\u00e1 sustituirse  una correcci\u00f3n semanal escrita por una tutor\u00eda presencial, o a trav\u00e9s de Skype o del tel\u00e9fono, de 1h. de duraci\u00f3n.<\/p>\n<\/div>\n\n\n\n<div class=\"wp-block-uagb-tabs-child uagb-tabs__body-container uagb-inner-tab-1\" aria-labelledby=\"uagb-tabs__tab1\">\n<p>Cada alumno o alumna tendr\u00e1 a una persona encargada de tutorizar su trabajo, que asignaremos en funci\u00f3n de la naturaleza y el g\u00e9nero del texto que est\u00e9 desarrollando. Entre los proyectos, podemos hacer seguimiento de:<\/p>\n\n\n\n<ul class=\"wp-block-list\">\n<li>Novelas<\/li>\n\n\n\n<li>Libros de relatos<\/li>\n\n\n\n<li>Poemarios<\/li>\n\n\n\n<li>\u00c1lbumes ilustrados<\/li>\n\n\n\n<li>Ensayos y libros de no ficci\u00f3n<\/li>\n\n\n\n<li>Guiones cinematogr\u00e1ficos<\/li>\n\n\n\n<li>Obras de teatro<\/li>\n<\/ul>\n<\/div>\n\n\n\n<div class=\"wp-block-uagb-tabs-child uagb-tabs__body-container uagb-inner-tab-2\" aria-labelledby=\"uagb-tabs__tab2\">\n<p>La tutor\u00eda est\u00e1 pensada para realizar un seguimiento peri\u00f3dico mientras se escribe, con cierto grado de flexibilidad pero a un ritmo similar al que se har\u00eda en el marco de un taller de escritura. La extensi\u00f3n de texto que los profesores revisar\u00e1n cada semana se pactar\u00e1 de antemano en cada caso, dependiendo de las necesidades espec\u00edficas que se detecten. Sin embargo, si llevas mucho tiempo trabajando en tu proyecto, es posible que necesites un servicio diferente:<\/p>\n\n\n\n<ul class=\"wp-block-list\">\n<li>Si tu proyecto est\u00e1 avanzado y sientes que te has estancado o que no avanza como te gustar\u00eda, quiz\u00e1 prefieras detectar sus flaquezas mediante un informe antes de decidirte a embarcarte en la reescritura, ya sea en solitario o mediante una tutor\u00eda m\u00e1s adelante.<\/li>\n\n\n\n<li>Si has terminado tu manuscrito (o, al menos, un primer borrador) y lo que necesitas es una valoraci\u00f3n general del texto y de sus posibilidades de publicaci\u00f3n o pulirlo formalmente, quiz\u00e1 te convenga optar por un informe de lectura, una correcci\u00f3n de estilo, o una correcci\u00f3n ortotipogr\u00e1fica.<\/li>\n<\/ul>\n\n\n\n<p>En ambos casos, puedes echar un vistazo a nuestros <a href=\"https:\/\/casatomada.es\/talleres\/servicios-editoriales\/\" data-type=\"link\" data-id=\"https:\/\/casatomada.es\/talleres\/servicios-editoriales\/\">servicios editoriales<\/a>.<\/p>\n<\/div>\n\n\n\n<div class=\"wp-block-uagb-tabs-child uagb-tabs__body-container uagb-inner-tab-3\" aria-labelledby=\"uagb-tabs__tab3\">\n<div class=\"wp-block-uagb-info-box uagb-block-d3d820b5 uagb-infobox__content-wrap  uagb-infobox-icon-above-title uagb-infobox-image-valign-top\"><div class=\"uagb-ifb-content\"><div class=\"uagb-ifb-icon-wrap\"><svg xmlns=\"https:\/\/www.w3.org\/2000\/svg\" viewBox=\"0 0 512 512\"><path d=\"M512 80C512 98.01 497.7 114.6 473.6 128C444.5 144.1 401.2 155.5 351.3 158.9C347.7 157.2 343.9 155.5 340.1 153.9C300.6 137.4 248.2 128 192 128C183.7 128 175.6 128.2 167.5 128.6L166.4 128C142.3 114.6 128 98.01 128 80C128 35.82 213.1 0 320 0C426 0 512 35.82 512 80V80zM160.7 161.1C170.9 160.4 181.3 160 192 160C254.2 160 309.4 172.3 344.5 191.4C369.3 204.9 384 221.7 384 240C384 243.1 383.3 247.9 381.9 251.7C377.3 264.9 364.1 277 346.9 287.3C346.9 287.3 346.9 287.3 346.9 287.3C346.8 287.3 346.6 287.4 346.5 287.5L346.5 287.5C346.2 287.7 345.9 287.8 345.6 288C310.6 307.4 254.8 320 192 320C132.4 320 79.06 308.7 43.84 290.9C41.97 289.9 40.15 288.1 38.39 288C14.28 274.6 0 258 0 240C0 205.2 53.43 175.5 128 164.6C138.5 163 149.4 161.8 160.7 161.1L160.7 161.1zM391.9 186.6C420.2 182.2 446.1 175.2 468.1 166.1C484.4 159.3 499.5 150.9 512 140.6V176C512 195.3 495.5 213.1 468.2 226.9C453.5 234.3 435.8 240.5 415.8 245.3C415.9 243.6 416 241.8 416 240C416 218.1 405.4 200.1 391.9 186.6V186.6zM384 336C384 354 369.7 370.6 345.6 384C343.8 384.1 342 385.9 340.2 386.9C304.9 404.7 251.6 416 192 416C129.2 416 73.42 403.4 38.39 384C14.28 370.6 .0003 354 .0003 336V300.6C12.45 310.9 27.62 319.3 43.93 326.1C83.44 342.6 135.8 352 192 352C248.2 352 300.6 342.6 340.1 326.1C347.9 322.9 355.4 319.2 362.5 315.2C368.6 311.8 374.3 308 379.7 304C381.2 302.9 382.6 301.7 384 300.6L384 336zM416 278.1C434.1 273.1 452.5 268.6 468.1 262.1C484.4 255.3 499.5 246.9 512 236.6V272C512 282.5 507 293 497.1 302.9C480.8 319.2 452.1 332.6 415.8 341.3C415.9 339.6 416 337.8 416 336V278.1zM192 448C248.2 448 300.6 438.6 340.1 422.1C356.4 415.3 371.5 406.9 384 396.6V432C384 476.2 298 512 192 512C85.96 512 .0003 476.2 .0003 432V396.6C12.45 406.9 27.62 415.3 43.93 422.1C83.44 438.6 135.8 448 192 448z\"><\/path><\/svg><\/div><div class=\"uagb-ifb-title-wrap\"><h3 class=\"uagb-ifb-title\"><strong>Precio de la tutor\u00eda<\/strong><\/h3><\/div><p class=\"uagb-ifb-desc\"><strong>Modalidad online o semipresencial: 85 \u20ac \/ mes<\/strong> (esta cantidad puede variar si el alumno necesita una tutor\u00eda intensiva con un mayor ritmo de correciones o an\u00e1lisis).<\/p><div class=\"uagb-ifb-separator\"><\/div><\/div><\/div>\n\n\n\n<div class=\"wp-block-uagb-info-box uagb-block-09efb471 uagb-infobox__content-wrap  uagb-infobox-icon-above-title uagb-infobox-image-valign-top\"><div class=\"uagb-ifb-content\"><div class=\"uagb-ifb-icon-wrap\"><svg xmlns=\"https:\/\/www.w3.org\/2000\/svg\" viewBox=\"0 0 512 512\"><path d=\"M256 0C114.6 0 0 114.6 0 256s114.6 256 256 256s256-114.6 256-256S397.4 0 256 0zM256 128c17.67 0 32 14.33 32 32c0 17.67-14.33 32-32 32S224 177.7 224 160C224 142.3 238.3 128 256 128zM296 384h-80C202.8 384 192 373.3 192 360s10.75-24 24-24h16v-64H224c-13.25 0-24-10.75-24-24S210.8 224 224 224h32c13.25 0 24 10.75 24 24v88h16c13.25 0 24 10.75 24 24S309.3 384 296 384z\"><\/path><\/svg><\/div><div class=\"uagb-ifb-title-wrap\"><h3 class=\"uagb-ifb-title\"><strong>M\u00e1s informaci\u00f3n<\/strong><\/h3><\/div><p class=\"uagb-ifb-desc\"><strong>Inscripciones:<\/strong>&nbsp;Las tutor\u00edas pueden iniciarse en cualquier momento del a\u00f1o.<br><strong>Duraci\u00f3n:<\/strong>&nbsp;Seg\u00fan las necesidades del proyecto.<\/p><div class=\"uagb-ifb-separator\"><\/div><\/div><\/div>\n\n\n\n<div class=\"wp-block-uagb-info-box uagb-block-a56cb07e uagb-infobox__content-wrap  uagb-infobox-icon-above-title uagb-infobox-image-valign-top\"><div class=\"uagb-ifb-content\"><div class=\"uagb-ifb-icon-wrap\"><svg xmlns=\"https:\/\/www.w3.org\/2000\/svg\" viewBox=\"0 0 512 512\"><path d=\"M511.2 387l-23.25 100.8c-3.266 14.25-15.79 24.22-30.46 24.22C205.2 512 0 306.8 0 54.5c0-14.66 9.969-27.2 24.22-30.45l100.8-23.25C139.7-2.602 154.7 5.018 160.8 18.92l46.52 108.5c5.438 12.78 1.77 27.67-8.98 36.45L144.5 207.1c33.98 69.22 90.26 125.5 159.5 159.5l44.08-53.8c8.688-10.78 23.69-14.51 36.47-8.975l108.5 46.51C506.1 357.2 514.6 372.4 511.2 387z\"><\/path><\/svg><\/div><div class=\"uagb-ifb-title-wrap\"><h3 class=\"uagb-ifb-title\"><strong><strong>Consultas e inscripciones: info@casatomada.es \u00b7 955 517 057<\/strong><\/strong><\/h3><\/div><\/div><\/div>\n<\/div>\n<\/div><\/div>\n","protected":false},"excerpt":{"rendered":"","protected":false},"author":1,"featured_media":0,"parent":0,"menu_order":5,"comment_status":"closed","ping_status":"closed","template":"","meta":{"_uag_custom_page_level_css":"","footnotes":""},"class_list":["post-19","page","type-page","status-publish","hentry"],"uagb_featured_image_src":{"full":false,"thumbnail":false,"medium":false,"medium_large":false,"large":false,"1536x1536":false,"2048x2048":false},"uagb_author_info":{"display_name":"admin","author_link":"http:\/\/casatomada.es\/talleres\/author\/admin\/"},"uagb_comment_info":0,"uagb_excerpt":null,"_links":{"self":[{"href":"http:\/\/casatomada.es\/talleres\/wp-json\/wp\/v2\/pages\/19","targetHints":{"allow":["GET"]}}],"collection":[{"href":"http:\/\/casatomada.es\/talleres\/wp-json\/wp\/v2\/pages"}],"about":[{"href":"http:\/\/casatomada.es\/talleres\/wp-json\/wp\/v2\/types\/page"}],"author":[{"embeddable":true,"href":"http:\/\/casatomada.es\/talleres\/wp-json\/wp\/v2\/users\/1"}],"replies":[{"embeddable":true,"href":"http:\/\/casatomada.es\/talleres\/wp-json\/wp\/v2\/comments?post=19"}],"version-history":[{"count":4,"href":"http:\/\/casatomada.es\/talleres\/wp-json\/wp\/v2\/pages\/19\/revisions"}],"predecessor-version":[{"id":483,"href":"http:\/\/casatomada.es\/talleres\/wp-json\/wp\/v2\/pages\/19\/revisions\/483"}],"wp:attachment":[{"href":"http:\/\/casatomada.es\/talleres\/wp-json\/wp\/v2\/media?parent=19"}],"curies":[{"name":"wp","href":"https:\/\/api.w.org\/{rel}","templated":true}]}}