{"id":101,"date":"2025-05-20T12:15:38","date_gmt":"2025-05-20T12:15:38","guid":{"rendered":"https:\/\/casatomada.es\/carambola\/?page_id=101"},"modified":"2025-09-06T18:58:22","modified_gmt":"2025-09-06T18:58:22","slug":"el-festival","status":"publish","type":"page","link":"https:\/\/casatomada.es\/carambola\/el-festival\/","title":{"rendered":"El festival"},"content":{"rendered":"\n<p class=\"has-text-align-left has-black-color has-text-color has-link-color wp-elements-fa0da22f3ede8f72a363942d911d85a1\" style=\"font-style:normal;font-weight:700\"><strong>\u00a1CARAMBOLA! es un festival infantil organizado por la <mark style=\"background-color:rgba(0, 0, 0, 0)\" class=\"has-inline-color has-primary-color\">librer\u00eda Casa Tomada<\/mark>, donde la literatura y la creatividad nos llevan de la mano a descubrir todas las cosas que nos hacen felices: las ideas disparatadas, <strong>los juegos, <\/strong>la m\u00fasica, el arte, el humor, el teatro&#8230; \u00a1y por supuesto, los libros!<\/strong><\/p>\n\n\n\n<p class=\"has-text-align-left has-black-color has-text-color has-link-color wp-elements-02fefd7edb2db3126fc0c683649247ae\" style=\"font-style:normal;font-weight:700\"><strong>Como Gianni Rodari, <mark style=\"background-color:rgba(0, 0, 0, 0)\" class=\"has-inline-color has-primary-color\">creemos que la creatividad es la llave para que ni\u00f1as y ni\u00f1os sean despiertos, curiosos, inteligentes y aut\u00f3nomos<\/mark>. Que se interesen, jueguen y exploren a su ritmo el lenguaje, la literatura y la cultura, sinti\u00e9ndose parte de todo ello.<\/strong><\/p>\n\n\n\n<p class=\"has-text-align-left has-black-color has-text-color has-link-color wp-elements-f08ed67e5a274a6cade91e582d5a07b9\" style=\"font-style:normal;font-weight:700\"><strong>Por eso, dedicamos esta primera edici\u00f3n al <mark style=\"background-color:rgba(0, 0, 0, 0)\" class=\"has-inline-color has-primary-color\">binomio fant\u00e1stico <\/mark>de Rodari, a las <em>palabras malet\u00edn<\/em> de Carroll, a los juegos combinatorios, las mezclas, las variaciones. As\u00ed aprenderemos que siempre podremos seguir creando ideas nuevas, originales y sorprendentes, porque la imaginaci\u00f3n no tiene l\u00edmites. <\/strong><\/p>\n\n\n\n<p class=\"has-text-align-left has-black-color has-text-color has-link-color wp-elements-782ca8a50244c9017d0a070d12ca65bb\" style=\"font-style:normal;font-weight:700\"><strong>Fomento de la lectura a trav\u00e9s de <mark style=\"background-color:rgba(0, 0, 0, 0)\" class=\"has-inline-color has-primary-color\">talleres creativos, espect\u00e1culos, actividades, espacios de lectura, juegos y libros para toda la familia<\/mark>. \u00a1Nada puede salir mal con una carambola as\u00ed!<\/strong><\/p>\n\n\n\n<div style=\"height:30px\" aria-hidden=\"true\" class=\"wp-block-spacer\"><\/div>\n\n\n\n<p class=\"has-text-align-center has-primary-color has-background-background-color has-text-color has-background has-link-color wp-elements-65d56828b82b613d5aa23f272a7bfe52\" style=\"padding-top:0px;padding-bottom:0px;font-style:normal;font-weight:700\">COLABORACIONES<\/p>\n\n\n\n<p style=\"font-style:normal;font-weight:700\">El festival CARAMBOLA es posible gracias a una ayuda concedida por el Ministerio de Cultura y Deporte, y a las colaboraciones del Centro de Iniciativas Culturales de la Universidad de Sevilla y la Fundaci\u00f3n Cajasol.<\/p>\n\n\n\n<p><\/p>\n","protected":false},"excerpt":{"rendered":"<p>\u00a1CARAMBOLA! es un festival infantil organizado por la librer\u00eda Casa Tomada, donde la literatura y la creatividad nos llevan de la mano a descubrir todas las cosas que nos hacen felices: las ideas disparatadas, los juegos, la m\u00fasica, el arte, el humor, el teatro&#8230; \u00a1y por supuesto, los libros! Como Gianni Rodari, creemos que la [&hellip;]<\/p>\n","protected":false},"author":1,"featured_media":0,"parent":0,"menu_order":0,"comment_status":"closed","ping_status":"closed","template":"","meta":{"_uag_custom_page_level_css":"","footnotes":""},"class_list":["post-101","page","type-page","status-publish","hentry"],"uagb_featured_image_src":{"full":false,"thumbnail":false,"medium":false,"medium_large":false,"large":false,"1536x1536":false,"2048x2048":false},"uagb_author_info":{"display_name":"admin","author_link":"https:\/\/casatomada.es\/carambola\/author\/admin\/"},"uagb_comment_info":0,"uagb_excerpt":"\u00a1CARAMBOLA! es un festival infantil organizado por la librer\u00eda Casa Tomada, donde la literatura y la creatividad nos llevan de la mano a descubrir todas las cosas que nos hacen felices: las ideas disparatadas, los juegos, la m\u00fasica, el arte, el humor, el teatro&#8230; \u00a1y por supuesto, los libros! Como Gianni Rodari, creemos que la&hellip;","_links":{"self":[{"href":"https:\/\/casatomada.es\/carambola\/wp-json\/wp\/v2\/pages\/101","targetHints":{"allow":["GET"]}}],"collection":[{"href":"https:\/\/casatomada.es\/carambola\/wp-json\/wp\/v2\/pages"}],"about":[{"href":"https:\/\/casatomada.es\/carambola\/wp-json\/wp\/v2\/types\/page"}],"author":[{"embeddable":true,"href":"https:\/\/casatomada.es\/carambola\/wp-json\/wp\/v2\/users\/1"}],"replies":[{"embeddable":true,"href":"https:\/\/casatomada.es\/carambola\/wp-json\/wp\/v2\/comments?post=101"}],"version-history":[{"count":28,"href":"https:\/\/casatomada.es\/carambola\/wp-json\/wp\/v2\/pages\/101\/revisions"}],"predecessor-version":[{"id":862,"href":"https:\/\/casatomada.es\/carambola\/wp-json\/wp\/v2\/pages\/101\/revisions\/862"}],"wp:attachment":[{"href":"https:\/\/casatomada.es\/carambola\/wp-json\/wp\/v2\/media?parent=101"}],"curies":[{"name":"wp","href":"https:\/\/api.w.org\/{rel}","templated":true}]}}